123?
1
What is the units digit of 16118?
8
What is the units digit of 3967?
7
What is the thousands digit of 3515?
3
What is the units digit of 911?
1
What is the tens digit of 3444?
4
What is the units digit of 1585?
5
What is the ten thousands digit of 87639?
8
What is the units digit of 2409?
9
What is the hundreds digit of 30150?
1
What is the tens digit of 325?
2
What is the tens digit of 109901?
0
What is the thousands digit of 4786?
4
What is the hundreds digit of 11433?
4
What is the tens digit of 9510?
1
What is the tens digit of 47786?
8
What is the ten thousands digit of 69512?
6
What is the tens digit of 76?
7
What is the units digit of 147440?
0
What is the hundreds digit of 47802?
8
What is the units digit of 1400?
0
What is the ten thousands digit of 20853?
2
What is the units digit of 50697?
7
What is the units digit of 45516?
6
What is the tens digit of 223?
2
What is the units digit of 8380?
0
What is the ten thousands digit of 23414?
2
What is the thousands digit of 151575?
1
What is the ten thousands digit of 15777?
1
What is the units digit of 77462?
2
What is the tens digit of 87978?
7
What is the units digit of 3674?
4
What is the tens digit of 435?
3
What is the hundreds digit of 4844?
8
What is the ten thousands digit of 12490?
1
What is the thousands digit of 11563?
1
What is the thousands digit of 2430?
2
What is the hundreds digit of 976?
9
What is the units digit of 15133?
3
What is the tens digit of 1168?
6
What is the units digit of 590?
0
What is the tens digit of 8632?
3
What is the units digit of 34968?
8
What is the thousands digit of 8864?
8
What is the ten thousands digit of 83979?
8
What is the units digit of 17?
7
What is the ten thousands digit of 73136?
7
What is the tens digit of 7667?
6
What is the hundreds digit of 998?
9
What is the hundreds digit of 10347?
3
What is the units digit of 21052?
2
What is the units digit of 928?
8
What is the tens digit of 317?
1
What is the hundreds digit of 4571?
5
What is the hundreds digit of 235?
2
What is the units digit of 44262?
2
What is the ten thousands digit of 12914?
1
What is the tens digit of 744?
4
What is the hundreds digit of 2267?
2
What is the units digit of 13305?
5
What is the ten thousands digit of 127624?
2
What is the hundreds digit of 1002?
0
What is the units digit of 5856?
6
What is the tens digit of 294?
9
What is the ten thousands digit of 145420?
4
What is the tens digit of 30061?
6
What is the tens digit of 14389?
8
What is the hundreds digit of 20878?
8
What is the units digit of 7774?
4
What is the units digit of 104691?
1
What is the units digit of 750?
0
What is the units digit of 469?
9
What is the tens digit of 1486?
8
What is the thousands digit of 2497?
2
What is the ten thousands digit of 78929?
7
What is the units digit of 15827?
7
What is the hundreds digit of 96653?
6
What is the hundreds digit of 5732?
7
What is the thousands digit of 3262?
3
What is the tens digit of 29517?
1
What is the units digit of 1026?
6
What is the hundreds digit of 184?
1
What is the units digit of 5916?
6
What is the tens digit of 59?
5
What is the hundreds digit of 1017?
0
What is the tens digit of 16627?
2
What is the tens digit of 21031?
3
What is the units digit of 682?
2
What is the hundreds digit of 4564?
5
What is the thousands digit of 1147?
1
What is the hundred thousands digit of 135234?
1
What is the thousands digit of 1020?
1
What is the tens digit of 695?
9
What is the tens digit of 15076?
7
What is the thousands digit of 45466?
5
What is the thousands digit of 2944?
2
What is the thousands digit of 9392?
9
What is the ten thousands digit of 30241?
3
What is the units digit of 147?
7
What is the thousands digit of 1532?
1
What is the tens digit of 928?
2
What is the tens digit of 33?
3
What is the thousands digit of 3965?
3
What is the tens digit of 407?
0
What is the thousands digit of 2140?
2
What is the thousands digit of 5103?
5
What is the hundreds digit of 456?
4
What is the thousands digit of 16699?
6
What is the ten thousands digit of 18614?
1
What is the hundreds digit of 7328?
3
What is the hundreds digit of 6005?
0
What is the hundreds digit of 455?
4
What is the hundreds digit of 1280?
2
What is the units digit of 11220?
0
What is the units digit of 41306?
6
What is the thousands digit of 1113?
1
What is the thousands digit of 17951?
7
What is the thousands digit of 7792?
7
What is the hundreds digit of 1316?
3
What is the units digit of 20072?
2
What is the thousands digit of 9534?
9
What is the ten thousands digit of 13117?
1
What is the hundreds digit of 4697?
6
What is the ten thousands digit of 29963?
2
What is the thousands digit of 29549?
9
What is the tens digit of 490?
9
What is the units digit of 406?
6
What is the tens digit of 22257?
5
What is the units digit of 4569?
9
What is the thousands digit of 1513?
1
What is the units digit of 2682?
2
What is the tens digit of 2015?
1
What is the hundreds digit of 4811?
8
What is the thousands digit of 4474?
4
What is the tens digit of 27865?
6
What is the units digit of 1652?
2
What is the thousands digit of 33126?
3
What is the hundreds digit of 380?
3
What is the hundreds digit of 132501?
5
What is the thousands digit of 16531?
6
What is the ten thousands digit of 52062?
5
What is the hundreds digit of 9447?
4
What is the hundreds digit of 593?
5
What is the thousands digit of 21554?
1
What is the hundred thousands digit of 102416?
1
What is the hundreds digit of 108299?
2
What is the hundreds digit of 37726?
7
What is the units digit of 147141?
1
What is the thousands digit of 3709?
3
What is the units digit of 12386?
6
What is the thousands digit of 30236?
0
What is the units digit of 5372?
2
What is the tens digit of 93?
9
What is the thousands digit of 2134?
2
What is the thousands digit of 6223?
6
What is the thousands digit of 9439?
9
What is the tens digit of 50?
5
What is the units digit of 1539?
9
What is the tens digit of 2693?
9
What is the tens digit of 935?
3
What is the tens digit of 3650?
5
What is the hundreds digit of 104?
1
What is the thousands digit of 25480?
5
What is the hundreds digit of 2057?
0
What is the ten thousands digit of 49729?
4
What is the ten thousands digit of 47634?
4
What is the units digit of 30450?
0
What is the tens digit of 1094?
9
What is the units digit of 1284?
4
What is the thousands digit of 1052?
1
What is the units digit of 549?
9
What is the hundreds digit of 737?
7
What is the thousands digit of 4382?
4
What is the thousands digit of 28713?
8
What is the units digit of 154?
4
What is the ten thousands digit of 59268?
5
What is the units digit of 919?
9
What is the thousands digit of 1726?
1
What is the ten thousands digit of 25107?
2
What is the units digit of 3298?
8
What is the hundreds digit of 800?
8
What is the hundreds digit of 12831?
8
What is the hundreds digit of 621?
6
What is the tens digit of 50988?
8
What is the tens digit of 574?
7
What is the units digit of 8027?
7
What is the hundreds digit of 2622?
6
What is the thousands digit of 4487?
4
What is the hundreds digit of 3866?
8
What is the tens digit of 933?
3
What is the hundreds digit of 560?
5
What is the units digit of 1430?
0
What is the tens digit of 2860?
6
What is the tens digit of 122?
2
What is the units digit of 1189?
9
What is the thousands digit of 14948?
4
What is the thousands digit of 1507?
1
What is the tens digit of 7349?
4
What is the units digit of 94413?
3
What is the hundreds digit of 2022?
0
What is the units digit of 16891?
1
What is the tens digit of 2048?
4
What is the ten thousands digit of 61608?
6
What is the hundreds digit of 477?
4
What is the units digit of 44097?
7
What is the tens digit of 255?
5
What is the units digit of 56903?
3
What is the thousands digit of 1450?
1
What is the thousands digit of 65662?
5
What is the units digit of 1296?
6
What is the hundreds digit of 93030?
0
What is the thousands digit of 16484?
6
What is the thousands digit of 25806?
5
What is the hundreds digit of 2080?
0
What is the thousands digit of 71340?
1
What is the tens digit of 4829?
2
What is the hundreds digit of 19048?
0
What is the units digit of 1226?
6
What is the units digit of 14292?
2
What is the units digit of 71974?
4
W